{"id":92,"date":"2015-01-11T22:08:16","date_gmt":"2015-01-11T22:08:16","guid":{"rendered":"http:\/\/emmevi.local\/?page_id=92"},"modified":"2015-03-11T17:46:24","modified_gmt":"2015-03-11T17:46:24","slug":"fotovoltaico","status":"publish","type":"page","link":"https:\/\/emmevicoperture.it\/?page_id=92","title":{"rendered":"Fotovoltaico"},"content":{"rendered":"<h3>Realizzazione di impianti fotovoltaici<\/h3>\n<p><em>Mettiamo a vostra disposizione personale altamente qualificato per la realizzazione di impianti fotovoltaici a regola d\u2019arte per permettervi di investire consapevolmente in queste tecnologie.<\/em><\/p>\n<p>La continua ricerca delle migliori soluzioni atte a soddisfare le esigenze della Clientela ci ha portato a sviluppare collaborazioni con le principali realt\u00e0 del settore, permettendoci di mantenere standard lavorativi di assoluto livello, creando sinergie che diano valore alle differenze che esistono tra diversi soggetti e ricavando cos\u00ec i vantaggi dell\u2019operare insieme. Ci\u00f2 ci consente di affrontare tutte quelle situazioni di notevole complessit\u00e0 che richiedono una grande capacit\u00e0 d\u2019intervento e di risoluzione.<\/p>\n<p>L\u2019uso di tecnologie all\u2019avanguardia in particolari ambiti di intervento consentono all\u2019azienda sia un notevole risparmio in termini di tempistiche d\u2019esecuzione delle opere, che una riduzione dei rischi presenti in cantiere. Le risorse umane, tecnologiche e le attrezzature sono per\u00a0 <strong>EMMEVI Sagl<\/strong> un fattore di fondamentale importanza al fine di mantenere livelli di qualit\u00e0 prefissati.<\/p>\n","protected":false},"excerpt":{"rendered":"<p>Realizzazione di impianti fotovoltaici Mettiamo a vostra disposizione personale altamente qualificato per la realizzazione di impianti fotovoltaici a regola d\u2019arte &hellip; <a href=\"https:\/\/emmevicoperture.it\/?page_id=92\" class=\"more-link\">Continua a leggere <span class=\"screen-reader-text\">Fotovoltaico<\/span><\/a><\/p>\n","protected":false},"author":1,"featured_media":0,"parent":8,"menu_order":0,"comment_status":"closed","ping_status":"closed","template":"page-templates\/template-settore.php","meta":{"footnotes":""},"class_list":["post-92","page","type-page","status-publish","hentry"],"yoast_head":"<!-- This site is optimized with the Yoast SEO plugin v25.4 - https:\/\/yoast.com\/wordpress\/plugins\/seo\/ -->\n<title>Fotovoltaico - Emmevi<\/title>\n<meta name=\"robots\" content=\"index, follow, max-snippet:-1, max-image-preview:large, max-video-preview:-1\" \/>\n<link rel=\"canonical\" href=\"https:\/\/emmevicoperture.it\/?page_id=92\" \/>\n<meta property=\"og:locale\" content=\"it_IT\" \/>\n<meta property=\"og:type\" content=\"article\" \/>\n<meta property=\"og:title\" content=\"Fotovoltaico - Emmevi\" \/>\n<meta property=\"og:description\" content=\"Realizzazione di impianti fotovoltaici Mettiamo a vostra disposizione personale altamente qualificato per la realizzazione di impianti fotovoltaici a regola d\u2019arte &hellip; Continua a leggere Fotovoltaico\" \/>\n<meta property=\"og:url\" content=\"https:\/\/emmevicoperture.it\/?page_id=92\" \/>\n<meta property=\"og:site_name\" content=\"Emmevi\" \/>\n<meta property=\"article:modified_time\" content=\"2015-03-11T17:46:24+00:00\" \/>\n<meta name=\"twitter:card\" content=\"summary_large_image\" \/>\n<meta name=\"twitter:label1\" content=\"Tempo di lettura stimato\" \/>\n\t<meta name=\"twitter:data1\" content=\"1 minuto\" \/>\n<script type=\"application\/ld+json\" class=\"yoast-schema-graph\">{\"@context\":\"https:\/\/schema.org\",\"@graph\":[{\"@type\":\"WebPage\",\"@id\":\"https:\/\/emmevicoperture.it\/?page_id=92\",\"url\":\"https:\/\/emmevicoperture.it\/?page_id=92\",\"name\":\"Fotovoltaico - Emmevi\",\"isPartOf\":{\"@id\":\"https:\/\/emmevicoperture.it\/#website\"},\"datePublished\":\"2015-01-11T22:08:16+00:00\",\"dateModified\":\"2015-03-11T17:46:24+00:00\",\"breadcrumb\":{\"@id\":\"https:\/\/emmevicoperture.it\/?page_id=92#breadcrumb\"},\"inLanguage\":\"it-IT\",\"potentialAction\":[{\"@type\":\"ReadAction\",\"target\":[\"https:\/\/emmevicoperture.it\/?page_id=92\"]}]},{\"@type\":\"BreadcrumbList\",\"@id\":\"https:\/\/emmevicoperture.it\/?page_id=92#breadcrumb\",\"itemListElement\":[{\"@type\":\"ListItem\",\"position\":1,\"name\":\"Home\",\"item\":\"https:\/\/emmevicoperture.it\/\"},{\"@type\":\"ListItem\",\"position\":2,\"name\":\"Settori di intervento\",\"item\":\"https:\/\/emmevicoperture.it\/?page_id=8\"},{\"@type\":\"ListItem\",\"position\":3,\"name\":\"Fotovoltaico\"}]},{\"@type\":\"WebSite\",\"@id\":\"https:\/\/emmevicoperture.it\/#website\",\"url\":\"https:\/\/emmevicoperture.it\/\",\"name\":\"Emmevi\",\"description\":\"\",\"potentialAction\":[{\"@type\":\"SearchAction\",\"target\":{\"@type\":\"EntryPoint\",\"urlTemplate\":\"https:\/\/emmevicoperture.it\/?s={search_term_string}\"},\"query-input\":{\"@type\":\"PropertyValueSpecification\",\"valueRequired\":true,\"valueName\":\"search_term_string\"}}],\"inLanguage\":\"it-IT\"}]}<\/script>\n<!-- \/ Yoast SEO plugin. -->","yoast_head_json":{"title":"Fotovoltaico - Emmevi","robots":{"index":"index","follow":"follow","max-snippet":"max-snippet:-1","max-image-preview":"max-image-preview:large","max-video-preview":"max-video-preview:-1"},"canonical":"https:\/\/emmevicoperture.it\/?page_id=92","og_locale":"it_IT","og_type":"article","og_title":"Fotovoltaico - Emmevi","og_description":"Realizzazione di impianti fotovoltaici Mettiamo a vostra disposizione personale altamente qualificato per la realizzazione di impianti fotovoltaici a regola d\u2019arte &hellip; Continua a leggere Fotovoltaico","og_url":"https:\/\/emmevicoperture.it\/?page_id=92","og_site_name":"Emmevi","article_modified_time":"2015-03-11T17:46:24+00:00","twitter_card":"summary_large_image","twitter_misc":{"Tempo di lettura stimato":"1 minuto"},"schema":{"@context":"https:\/\/schema.org","@graph":[{"@type":"WebPage","@id":"https:\/\/emmevicoperture.it\/?page_id=92","url":"https:\/\/emmevicoperture.it\/?page_id=92","name":"Fotovoltaico - Emmevi","isPartOf":{"@id":"https:\/\/emmevicoperture.it\/#website"},"datePublished":"2015-01-11T22:08:16+00:00","dateModified":"2015-03-11T17:46:24+00:00","breadcrumb":{"@id":"https:\/\/emmevicoperture.it\/?page_id=92#breadcrumb"},"inLanguage":"it-IT","potentialAction":[{"@type":"ReadAction","target":["https:\/\/emmevicoperture.it\/?page_id=92"]}]},{"@type":"BreadcrumbList","@id":"https:\/\/emmevicoperture.it\/?page_id=92#breadcrumb","itemListElement":[{"@type":"ListItem","position":1,"name":"Home","item":"https:\/\/emmevicoperture.it\/"},{"@type":"ListItem","position":2,"name":"Settori di intervento","item":"https:\/\/emmevicoperture.it\/?page_id=8"},{"@type":"ListItem","position":3,"name":"Fotovoltaico"}]},{"@type":"WebSite","@id":"https:\/\/emmevicoperture.it\/#website","url":"https:\/\/emmevicoperture.it\/","name":"Emmevi","description":"","potentialAction":[{"@type":"SearchAction","target":{"@type":"EntryPoint","urlTemplate":"https:\/\/emmevicoperture.it\/?s={search_term_string}"},"query-input":{"@type":"PropertyValueSpecification","valueRequired":true,"valueName":"search_term_string"}}],"inLanguage":"it-IT"}]}},"_links":{"self":[{"href":"https:\/\/emmevicoperture.it\/index.php?rest_route=\/wp\/v2\/pages\/92","targetHints":{"allow":["GET"]}}],"collection":[{"href":"https:\/\/emmevicoperture.it\/index.php?rest_route=\/wp\/v2\/pages"}],"about":[{"href":"https:\/\/emmevicoperture.it\/index.php?rest_route=\/wp\/v2\/types\/page"}],"author":[{"embeddable":true,"href":"https:\/\/emmevicoperture.it\/index.php?rest_route=\/wp\/v2\/users\/1"}],"replies":[{"embeddable":true,"href":"https:\/\/emmevicoperture.it\/index.php?rest_route=%2Fwp%2Fv2%2Fcomments&post=92"}],"version-history":[{"count":7,"href":"https:\/\/emmevicoperture.it\/index.php?rest_route=\/wp\/v2\/pages\/92\/revisions"}],"predecessor-version":[{"id":341,"href":"https:\/\/emmevicoperture.it\/index.php?rest_route=\/wp\/v2\/pages\/92\/revisions\/341"}],"up":[{"embeddable":true,"href":"https:\/\/emmevicoperture.it\/index.php?rest_route=\/wp\/v2\/pages\/8"}],"wp:attachment":[{"href":"https:\/\/emmevicoperture.it\/index.php?rest_route=%2Fwp%2Fv2%2Fmedia&parent=92"}],"curies":[{"name":"wp","href":"https:\/\/api.w.org\/{rel}","templated":true}]}}